{"id":3869,"date":"2017-07-12T11:21:32","date_gmt":"2017-07-12T09:21:32","guid":{"rendered":"https:\/\/austratt-agroturisme.no\/wp-content\/uploads\/2017\/07\/p5257874.jpg"},"modified":"2017-11-30T23:50:47","modified_gmt":"2017-11-30T22:50:47","slug":"olympus-digital-camera-4-2","status":"inherit","type":"attachment","link":"https:\/\/austratt-agroturisme.no\/de\/olympus-digital-camera-4-2\/","title":{"rendered":"Austr\u00e5tt fort-der Kanonenturm"},"author":6,"featured_media":0,"comment_status":"closed","ping_status":"closed","template":"","meta":{"_acf_changed":false,"_analytify_skip_tracking":false,"_genesis_hide_title":false,"_genesis_hide_breadcrumbs":false,"_genesis_hide_singular_image":false,"_genesis_hide_footer_widgets":false,"_genesis_custom_body_class":"","_genesis_custom_post_class":"","_genesis_layout":""},"class_list":{"0":"post-3869","1":"attachment","2":"type-attachment","3":"status-inherit","5":"entry"},"acf":[],"yoast_head":"<!-- This site is optimized with the Yoast SEO plugin v27.2 - https:\/\/yoast.com\/product\/yoast-seo-wordpress\/ -->\n<title>Austr\u00e5tt fort-der Kanonenturm - Austr\u00e5tt Agroturisme<\/title>\n<meta name=\"robots\" content=\"index, follow, max-snippet:-1, max-image-preview:large, max-video-preview:-1\" \/>\n<link rel=\"canonical\" href=\"https:\/\/austratt-agroturisme.no\/wp-content\/uploads\/2017\/07\/p5257874.jpg\" \/>\n<meta property=\"og:locale\" content=\"de_DE\" \/>\n<meta property=\"og:type\" content=\"article\" \/>\n<meta property=\"og:title\" content=\"Austr\u00e5tt fort-der Kanonenturm - Austr\u00e5tt Agroturisme\" \/>\n<meta property=\"og:description\" content=\"Austr\u00e5tt Fort\" \/>\n<meta property=\"og:url\" content=\"https:\/\/austratt-agroturisme.no\/wp-content\/uploads\/2017\/07\/p5257874.jpg\" \/>\n<meta property=\"og:site_name\" content=\"Austr\u00e5tt Agroturisme\" \/>\n<meta property=\"article:publisher\" content=\"https:\/\/www.facebook.com\/austratt.andelsjordbruk\/\" \/>\n<meta property=\"article:modified_time\" content=\"2017-11-30T22:50:47+00:00\" \/>\n<meta property=\"og:image\" content=\"https:\/\/austratt-agroturisme.no\/wp-content\/uploads\/2017\/07\/p5257874.jpg\" \/>\n\t<meta property=\"og:image:width\" content=\"2000\" \/>\n\t<meta property=\"og:image:height\" content=\"1500\" \/>\n\t<meta property=\"og:image:type\" content=\"image\/jpeg\" \/>\n<meta name=\"twitter:card\" content=\"summary_large_image\" \/>\n<script type=\"application\/ld+json\" class=\"yoast-schema-graph\">{\"@context\":\"https:\/\/schema.org\",\"@graph\":[{\"@type\":\"WebPage\",\"@id\":\"https:\/\/austratt-agroturisme.no\/wp-content\/uploads\/2017\/07\/p5257874.jpg\",\"url\":\"https:\/\/austratt-agroturisme.no\/wp-content\/uploads\/2017\/07\/p5257874.jpg\",\"name\":\"Austr\u00e5tt fort-der Kanonenturm - Austr\u00e5tt Agroturisme\",\"isPartOf\":{\"@id\":\"https:\/\/austratt-agroturisme.no\/#website\"},\"datePublished\":\"2017-07-12T09:21:32+00:00\",\"dateModified\":\"2017-11-30T22:50:47+00:00\",\"breadcrumb\":{\"@id\":\"https:\/\/austratt-agroturisme.no\/wp-content\/uploads\/2017\/07\/p5257874.jpg#breadcrumb\"},\"inLanguage\":\"de-DE\",\"potentialAction\":[{\"@type\":\"ReadAction\",\"target\":[\"https:\/\/austratt-agroturisme.no\/wp-content\/uploads\/2017\/07\/p5257874.jpg\"]}]},{\"@type\":\"BreadcrumbList\",\"@id\":\"https:\/\/austratt-agroturisme.no\/wp-content\/uploads\/2017\/07\/p5257874.jpg#breadcrumb\",\"itemListElement\":[{\"@type\":\"ListItem\",\"position\":1,\"name\":\"Hjem\",\"item\":\"https:\/\/austratt-agroturisme.no\/de\/\"},{\"@type\":\"ListItem\",\"position\":2,\"name\":\"Austr\u00e5tt fort-der Kanonenturm\"}]},{\"@type\":\"WebSite\",\"@id\":\"https:\/\/austratt-agroturisme.no\/#website\",\"url\":\"https:\/\/austratt-agroturisme.no\/\",\"name\":\"Austr\u00e5tt Agroturisme\",\"description\":\"\",\"publisher\":{\"@id\":\"https:\/\/austratt-agroturisme.no\/#organization\"},\"potentialAction\":[{\"@type\":\"SearchAction\",\"target\":{\"@type\":\"EntryPoint\",\"urlTemplate\":\"https:\/\/austratt-agroturisme.no\/?s={search_term_string}\"},\"query-input\":{\"@type\":\"PropertyValueSpecification\",\"valueRequired\":true,\"valueName\":\"search_term_string\"}}],\"inLanguage\":\"de-DE\"},{\"@type\":\"Organization\",\"@id\":\"https:\/\/austratt-agroturisme.no\/#organization\",\"name\":\"Austr\u00e5tt Agroturisme\",\"url\":\"https:\/\/austratt-agroturisme.no\/\",\"logo\":{\"@type\":\"ImageObject\",\"inLanguage\":\"de-DE\",\"@id\":\"https:\/\/austratt-agroturisme.no\/#\/schema\/logo\/image\/\",\"url\":\"https:\/\/austratt-agroturisme.no\/wp-content\/uploads\/2017\/09\/logoyoast.png\",\"contentUrl\":\"https:\/\/austratt-agroturisme.no\/wp-content\/uploads\/2017\/09\/logoyoast.png\",\"width\":\"270\",\"height\":\"106\",\"caption\":\"Austr\u00e5tt Agroturisme\"},\"image\":{\"@id\":\"https:\/\/austratt-agroturisme.no\/#\/schema\/logo\/image\/\"},\"sameAs\":[\"https:\/\/www.facebook.com\/austratt.andelsjordbruk\/\"]}]}<\/script>\n<!-- \/ Yoast SEO plugin. -->","yoast_head_json":{"title":"Austr\u00e5tt fort-der Kanonenturm - Austr\u00e5tt Agroturisme","robots":{"index":"index","follow":"follow","max-snippet":"max-snippet:-1","max-image-preview":"max-image-preview:large","max-video-preview":"max-video-preview:-1"},"canonical":"https:\/\/austratt-agroturisme.no\/wp-content\/uploads\/2017\/07\/p5257874.jpg","og_locale":"de_DE","og_type":"article","og_title":"Austr\u00e5tt fort-der Kanonenturm - Austr\u00e5tt Agroturisme","og_description":"Austr\u00e5tt Fort","og_url":"https:\/\/austratt-agroturisme.no\/wp-content\/uploads\/2017\/07\/p5257874.jpg","og_site_name":"Austr\u00e5tt Agroturisme","article_publisher":"https:\/\/www.facebook.com\/austratt.andelsjordbruk\/","article_modified_time":"2017-11-30T22:50:47+00:00","og_image":[{"width":2000,"height":1500,"url":"https:\/\/austratt-agroturisme.no\/wp-content\/uploads\/2017\/07\/p5257874.jpg","type":"image\/jpeg"}],"twitter_card":"summary_large_image","schema":{"@context":"https:\/\/schema.org","@graph":[{"@type":"WebPage","@id":"https:\/\/austratt-agroturisme.no\/wp-content\/uploads\/2017\/07\/p5257874.jpg","url":"https:\/\/austratt-agroturisme.no\/wp-content\/uploads\/2017\/07\/p5257874.jpg","name":"Austr\u00e5tt fort-der Kanonenturm - Austr\u00e5tt Agroturisme","isPartOf":{"@id":"https:\/\/austratt-agroturisme.no\/#website"},"datePublished":"2017-07-12T09:21:32+00:00","dateModified":"2017-11-30T22:50:47+00:00","breadcrumb":{"@id":"https:\/\/austratt-agroturisme.no\/wp-content\/uploads\/2017\/07\/p5257874.jpg#breadcrumb"},"inLanguage":"de-DE","potentialAction":[{"@type":"ReadAction","target":["https:\/\/austratt-agroturisme.no\/wp-content\/uploads\/2017\/07\/p5257874.jpg"]}]},{"@type":"BreadcrumbList","@id":"https:\/\/austratt-agroturisme.no\/wp-content\/uploads\/2017\/07\/p5257874.jpg#breadcrumb","itemListElement":[{"@type":"ListItem","position":1,"name":"Hjem","item":"https:\/\/austratt-agroturisme.no\/de\/"},{"@type":"ListItem","position":2,"name":"Austr\u00e5tt fort-der Kanonenturm"}]},{"@type":"WebSite","@id":"https:\/\/austratt-agroturisme.no\/#website","url":"https:\/\/austratt-agroturisme.no\/","name":"Austr\u00e5tt Agroturisme","description":"","publisher":{"@id":"https:\/\/austratt-agroturisme.no\/#organization"},"potentialAction":[{"@type":"SearchAction","target":{"@type":"EntryPoint","urlTemplate":"https:\/\/austratt-agroturisme.no\/?s={search_term_string}"},"query-input":{"@type":"PropertyValueSpecification","valueRequired":true,"valueName":"search_term_string"}}],"inLanguage":"de-DE"},{"@type":"Organization","@id":"https:\/\/austratt-agroturisme.no\/#organization","name":"Austr\u00e5tt Agroturisme","url":"https:\/\/austratt-agroturisme.no\/","logo":{"@type":"ImageObject","inLanguage":"de-DE","@id":"https:\/\/austratt-agroturisme.no\/#\/schema\/logo\/image\/","url":"https:\/\/austratt-agroturisme.no\/wp-content\/uploads\/2017\/09\/logoyoast.png","contentUrl":"https:\/\/austratt-agroturisme.no\/wp-content\/uploads\/2017\/09\/logoyoast.png","width":"270","height":"106","caption":"Austr\u00e5tt Agroturisme"},"image":{"@id":"https:\/\/austratt-agroturisme.no\/#\/schema\/logo\/image\/"},"sameAs":["https:\/\/www.facebook.com\/austratt.andelsjordbruk\/"]}]}},"description":{"rendered":"<p class=\"attachment\"><a href='https:\/\/austratt-agroturisme.no\/wp-content\/uploads\/2017\/07\/p5257874.jpg' title=\"\" data-rl_title=\"\" class=\"rl-gallery-link\" data-rl_caption=\"\" data-rel=\"lightbox-gallery-0\"><img loading=\"lazy\" decoding=\"async\" width=\"500\" height=\"375\" src=\"https:\/\/austratt-agroturisme.no\/wp-content\/uploads\/2017\/07\/p5257874-500x375.jpg\" class=\"attachment-medium size-medium\" alt=\"\u00d8rland, Austr\u00e5tt, Austr\u00e5tt Fort, Austr\u00e5tt agrotourismus, kanonenturm mit drei rohren, in der Silhouette gegen die Sonne\" srcset=\"https:\/\/austratt-agroturisme.no\/wp-content\/uploads\/2017\/07\/p5257874-500x375.jpg 500w, https:\/\/austratt-agroturisme.no\/wp-content\/uploads\/2017\/07\/p5257874-768x576.jpg 768w, https:\/\/austratt-agroturisme.no\/wp-content\/uploads\/2017\/07\/p5257874-1000x750.jpg 1000w, https:\/\/austratt-agroturisme.no\/wp-content\/uploads\/2017\/07\/p5257874.jpg 2000w\" sizes=\"auto, (max-width: 500px) 100vw, 500px\" \/><\/a><\/p>\n"},"caption":{"rendered":"<p>Austr\u00e5tt Fort<\/p>\n"},"alt_text":"\u00d8rland, Austr\u00e5tt, Austr\u00e5tt Fort, Austr\u00e5tt agrotourismus, kanonenturm mit drei rohren, in der Silhouette gegen die Sonne","media_type":"image","mime_type":"image\/jpeg","media_details":{"width":"2000","height":"1500","file":"2017\/07\/p5257874.jpg","sizes":{"thumbnail":{"file":"p5257874-300x300.jpg","width":"300","height":"300","mime_type":"image\/jpeg","source_url":"https:\/\/austratt-agroturisme.no\/wp-content\/uploads\/2017\/07\/p5257874-300x300.jpg"},"medium":{"file":"p5257874-500x375.jpg","width":"500","height":"375","mime_type":"image\/jpeg","source_url":"https:\/\/austratt-agroturisme.no\/wp-content\/uploads\/2017\/07\/p5257874-500x375.jpg"},"medium_large":{"file":"p5257874-768x576.jpg","width":"768","height":"576","mime_type":"image\/jpeg","source_url":"https:\/\/austratt-agroturisme.no\/wp-content\/uploads\/2017\/07\/p5257874-768x576.jpg"},"large":{"file":"p5257874-1000x750.jpg","width":"1000","height":"750","mime_type":"image\/jpeg","source_url":"https:\/\/austratt-agroturisme.no\/wp-content\/uploads\/2017\/07\/p5257874-1000x750.jpg"},"snarveier":{"file":"p5257874-700x450.jpg","width":"700","height":"450","mime_type":"image\/jpeg","source_url":"https:\/\/austratt-agroturisme.no\/wp-content\/uploads\/2017\/07\/p5257874-700x450.jpg"},"full":{"file":"p5257874.jpg","width":2000,"height":1500,"mime_type":"image\/jpeg","source_url":"https:\/\/austratt-agroturisme.no\/wp-content\/uploads\/2017\/07\/p5257874.jpg"}},"image_meta":{"aperture":"7.1","credit":"","camera":"E-30","caption":"OLYMPUS DIGITAL CAMERA","created_timestamp":"1432593291","copyright":"","focal_length":"14","iso":"200","shutter_speed":"0.003125","title":"OLYMPUS DIGITAL CAMERA","orientation":"1"}},"post":null,"source_url":"https:\/\/austratt-agroturisme.no\/wp-content\/uploads\/2017\/07\/p5257874.jpg","_links":{"self":[{"href":"https:\/\/austratt-agroturisme.no\/de\/wp-json\/wp\/v2\/media\/3869","targetHints":{"allow":["GET"]}}],"collection":[{"href":"https:\/\/austratt-agroturisme.no\/de\/wp-json\/wp\/v2\/media"}],"about":[{"href":"https:\/\/austratt-agroturisme.no\/de\/wp-json\/wp\/v2\/types\/attachment"}],"author":[{"embeddable":true,"href":"https:\/\/austratt-agroturisme.no\/de\/wp-json\/wp\/v2\/users\/6"}]}}

Austrått fort-der Kanonenturm

<!-- This site is optimized with the Yoast SEO plugin v27.2 - https://yoast.com/product/yoast-seo-wordpress/ -->
<title>Austrått fort-der Kanonenturm - Austrått Agroturisme</title>
<meta name="robots" content="index, follow, max-snippet:-1, max-image-preview:large, max-video-preview:-1" />
<link rel="canonical" href="https://austratt-agroturisme.no/wp-content/uploads/2017/07/p5257874.jpg" />
<meta property="og:locale" content="de_DE" />
<meta property="og:type" content="article" />
<meta property="og:title" content="Austrått fort-der Kanonenturm - Austrått Agroturisme" />
<meta property="og:description" content="Austrått Fort" />
<meta property="og:url" content="https://austratt-agroturisme.no/wp-content/uploads/2017/07/p5257874.jpg" />
<meta property="og:site_name" content="Austrått Agroturisme" />
<meta property="article:publisher" content="https://www.facebook.com/austratt.andelsjordbruk/" />
<meta property="article:modified_time" content="2017-11-30T22:50:47+00:00" />
<meta property="og:image" content="https://austratt-agroturisme.no/wp-content/uploads/2017/07/p5257874.jpg" />
	<meta property="og:image:width" content="2000" />
	<meta property="og:image:height" content="1500" />
	<meta property="og:image:type" content="image/jpeg" />
<meta name="twitter:card" content="summary_large_image" />
<script type="application/ld+json" class="yoast-schema-graph">{"@context":"https://schema.org","@graph":[{"@type":"WebPage","@id":"https://austratt-agroturisme.no/wp-content/uploads/2017/07/p5257874.jpg","url":"https://austratt-agroturisme.no/wp-content/uploads/2017/07/p5257874.jpg","name":"Austrått fort-der Kanonenturm - Austrått Agroturisme","isPartOf":{"@id":"https://austratt-agroturisme.no/#website"},"datePublished":"2017-07-12T09:21:32+00:00","dateModified":"2017-11-30T22:50:47+00:00","breadcrumb":{"@id":"https://austratt-agroturisme.no/wp-content/uploads/2017/07/p5257874.jpg#breadcrumb"},"inLanguage":"de-DE","potentialAction":[{"@type":"ReadAction","target":["https://austratt-agroturisme.no/wp-content/uploads/2017/07/p5257874.jpg"]}]},{"@type":"BreadcrumbList","@id":"https://austratt-agroturisme.no/wp-content/uploads/2017/07/p5257874.jpg#breadcrumb","itemListElement":[{"@type":"ListItem","position":1,"name":"Hjem","item":"https://austratt-agroturisme.no/de/"},{"@type":"ListItem","position":2,"name":"Austrått fort-der Kanonenturm"}]},{"@type":"WebSite","@id":"https://austratt-agroturisme.no/#website","url":"https://austratt-agroturisme.no/","name":"Austrått Agroturisme","description":"","publisher":{"@id":"https://austratt-agroturisme.no/#organization"},"potentialAction":[{"@type":"SearchAction","target":{"@type":"EntryPoint","urlTemplate":"https://austratt-agroturisme.no/?s={search_term_string}"},"query-input":{"@type":"PropertyValueSpecification","valueRequired":true,"valueName":"search_term_string"}}],"inLanguage":"de-DE"},{"@type":"Organization","@id":"https://austratt-agroturisme.no/#organization","name":"Austrått Agroturisme","url":"https://austratt-agroturisme.no/","logo":{"@type":"ImageObject","inLanguage":"de-DE","@id":"https://austratt-agroturisme.no/#/schema/logo/image/","url":"https://austratt-agroturisme.no/wp-content/uploads/2017/09/logoyoast.png","contentUrl":"https://austratt-agroturisme.no/wp-content/uploads/2017/09/logoyoast.png","width":"270","height":"106","caption":"Austrått Agroturisme"},"image":{"@id":"https://austratt-agroturisme.no/#/schema/logo/image/"},"sameAs":["https://www.facebook.com/austratt.andelsjordbruk/"]}]}</script>
<!-- / Yoast SEO plugin. -->

Austrått fort-der Kanonenturm - Austrått Agroturisme

Austrått Fort

Austrått Agroturisme

<p class="attachment"><a href='https://austratt-agroturisme.no/wp-content/uploads/2017/07/p5257874.jpg' title="" data-rl_title="" class="rl-gallery-link" data-rl_caption="" data-rel="lightbox-gallery-0"><img loading="lazy" decoding="async" width="500" height="375" src="https://austratt-agroturisme.no/wp-content/uploads/2017/07/p5257874-500x375.jpg" class="attachment-medium size-medium" alt="Ørland, Austrått, Austrått Fort, Austrått agrotourismus, kanonenturm mit drei rohren, in der Silhouette gegen die Sonne" srcset="https://austratt-agroturisme.no/wp-content/uploads/2017/07/p5257874-500x375.jpg 500w, https://austratt-agroturisme.no/wp-content/uploads/2017/07/p5257874-768x576.jpg 768w, https://austratt-agroturisme.no/wp-content/uploads/2017/07/p5257874-1000x750.jpg 1000w, https://austratt-agroturisme.no/wp-content/uploads/2017/07/p5257874.jpg 2000w" sizes="auto, (max-width: 500px) 100vw, 500px" /></a></p>

<p>Austrått Fort</p>

Ørland, Austrått, Austrått Fort, Austrått agrotourismus, kanonenturm mit drei rohren, in der Silhouette gegen die Sonne
